 = -3*c + 6*j, -432 = 2*c - 3*j - 1657. Calculate the remainder when c is divided by 171.
86
Let l = 255 + -200. Suppose 0 = -3*p + 4*m + 284, -3*p - l*m + 292 = -57*m. What is the remainder when p is divided by 13?
9
Let h(c) = -491*c + 9345. What is the remainder when 922 is divided by h(19)?
10
Suppose d + 3*a = -11, -2*d - 4*a = -0*d + 12. Suppose -11 - 51 = -3*k - 2*p, 44 = k - d*p. Let j = -324 + 418. Calculate the remainder when j is divided by k.
22
Let t(u) = 2*u**2 - 33*u - 33. Let d be (-2)/4 - 9/(-2). Let f(v) = 2*v**2 - 2*v - 2. What is the remainder when t(-3) is divided by f(d)?
18
Suppose -11*k = -28*k + 85. Suppose 8*q - 9*q + 21 = -k*n, 27 = 5*q + n. Suppose 108 = 2*l + l. What is the remainder when l is divided by q?
0
Let d = 79 - 79. Suppose -5*z = 0, d = 3*v - 5*z - 18. What is the remainder when v is divided by 3?
0
Let z(n) = -n**3 + 2*n**2 - 17*n + 75. What is the remainder when z(-8) is divided by 70?
11
Suppose 3*n + 14726 = 2*d, -2053 = -d - 5*n + 5284. What is the remainder when d is divided by 33?
31
Suppose 12 = 2*m - 0. Suppose m*x = -x - x. Suppose -4*o + x*d = 3*d - 262, -d = 3*o - 194. What is the remainder when o is divided by 17?
13
Suppose 4*m + 43 - 323 = 0. Let u(p) = 105*p + 755. What is the remainder when m is divided by u(-7)?
10
Let s = 242 - 242. Suppose s = -9*c + 1005 + 30. Calculate the remainder when c is divided by 41.
33
Suppose -3*h = 4*w - 27, -3*h + 30 = 2*w + 9. Suppose 440 = 5*i + h*s, 2*i - 4*s + 7*s = 178. What is the remainder when 428 is divided by i?
84
Let m(h) = 12*h**2 + 56*h + 552. What is the remainder when m(-38) is divided by 156?
152
Suppose 5*f + 2*w = 56429, -119*f = -116*f + w - 33857. What is the remainder when f is divided by 66?
65
Let x(v) = -5*v + 11 + 10 - 7 - 2*v**2 - 33*v. Calculate the remainder when x(-14) is divided by 31.
30
Suppose -2 = -2*x, 0 = -2*a + 40*x - 36*x - 82. What is the remainder when (-2)/(-6) - 7397/a is divided by 12?
10
Let a(f) = f**2 + 6*f + 4. Let b(x) = 3*x + 14. Let j be b(-3). Suppose -j*o - 16 = -3*o. What is the remainder when a(o) is divided by 7?
6
Let q(u) = -3*u**3 - 4*u**2 - 3*u. Suppose 7*g + 11 = -52. Let r(a) = -9*a - 30. Calculate the remainder when r(g) is divided by q(-2).
9
Calculate the remainder when -130*(17976/(-1080) - 6 - 8/(-18)) is divided by 59.
54
Suppose -20*h + 131 = -8*h - 49. What is the remainder when 21 is divided by h?
6
Let m(j) = -j**3 + 28*j**2 - 9*j + 382. What is the remainder when m(28) is divided by (-2)/(-5) - (-168)/5?
28
Calculate the remainder when (-1)/(14/(-826)*1/13) is divided by 71.
57
Suppose -o - 4*z + 16 = 0, 14 + 22 = 2*o + 4*z. Calculate the remainder when (-66)/(-4)*o/15 is divided by 48/(-14)*70/(-20).
10
Suppose -d - 90 = -2*q - 0*d, -5*q - 2*d = -207. Let z = -64527 - -64650. What is the remainder when z is divided by q?
37
Suppose 3*a = 99 + 18. Let w = 248 + -260. Calculate the remainder when a is divided by (-123)/(-12) + 2 + 27/w.
9
Let t = -77 + 79. Let q be (-12)/15*1*10. What is the remainder when (9 - 17)/(t/q) is divided by 7?
4
Let c(a) = -2*a**3 + 24*a**2 - 3*a + 61. Let s(y) = -2*y**2 - 36*y - 22. Let u be s(-17). Calculate the remainder when 797 is divided by c(u).
22
Calculate the remainder when -25*(-2263)/31 + (0/(-1))/(-1) is divided by 63.
61
Suppose u + 55 = 5*i, -2*u - 265 = 2*u - 5*i. Let g = u - -130. Let o = 6222 + -6206. Calculate the remainder when g is divided by o.
12
Suppose -2*k = 4*y - k - 226, 5*k = 3*y - 158. Calculate the remainder when y is divided by 3*(69/(-9) + 2)/(-1).
5
Suppose -4*a + 2*c = -2460, -10*a + 2464 = -6*a - 4*c. What is the remainder when a is divided by 91?
68
Let k = 48 - 63. Let z(w) = -w**2 - 25*w - 25. What is the remainder when z(k) is divided by 32?
29
Let l = 20200 + -19865. Calculate the remainder when l is divided by 166.
3
Let s(t) = -t**2 + 10*t + 20. Let y be 3/((-6)/(-9)*9/(-12)). Let r be s(y). Let f = r + 79. Calculate the remainder when 8 is divided by f.
2
Suppose -39*h + 231 = -22 - 293. What is the remainder when 345 is divided by h?
9
Let y(f) = -f**3 + 6*f**2 + 2*f - 8. Suppose 4*v + 4*i = 0, -5*i + 12 = -2*i. Let c = 0 - v. Calculate the remainder when y(6) is divided by c.
0
Let x(c) = 4*c**2 - 12*c - 27. Let i be x(-2). Suppose i*o = -19*o + 4288. Calculate the remainder when o is divided by 27.
26
Let v = -38 + 45. Suppose -3*b - 608 = -v*b. Suppose -3*n - w + 228 = -4*w, 2*n - 4*w = b. Calculate the remainder when n is divided by 26.
24
Let p = -291 + 75. Let f be p/14 + (-3)/(-7). Let x = 27 + f. Calculate the remainder when 33 is divided by x.
9
Suppose 59*h + 15*h = -79*h + 499392. Calculate the remainder when h is divided by 46.
44
Let x be (-32)/2 - (22 - 24). Let h be (14/4 + -4)*x. Suppose h*a + 394 = 1003. What is the remainder when a is divided by 22?
21
Let r(h) = -h**2 - 19*h + 48. Let q be r(-21). Let u(d) = 39*d - 99. Calculate the remainder when u(q) is divided by 36.
27
Suppose 3*t = -4*v + 79, -4 = 5*v - 24. Let n be (-6)/9*(-6)/4. Calculate the remainder when t is divided by (n - 0)/((-4)/(-32)).
5
Let f(z) = 27696*z - 138388. Suppose -61 + 13 = -3*x - 3*s, 56 = 5*x - s. What is the remainder when f(5) is divided by x?
8
Suppose -35*v - 78*v = 18*v - 1033459. What is the remainder when v is divided by 15?
14
Suppose 0 = 11*k - 6*k + 15. Let u be (1*k)/((-6)/10). Let t(f) = 3*f**2 - 15*f + 4. What is the remainder when 10 is divided by t(u)?
2
Let a = 2400 + 1861. What is the remainder when a is divided by 147?
145
Suppose -5*c + 13*c - 56 = 0. Calculate the remainder when -2*(12/3 + -9) is divided by c.
3
Let a(h) = 4*h**2 + 1. Let q be a(1). Suppose 2*z - 27 = q. What is the remainder when 71 - (-1 + -6 + 17) is divided by z?
13
Suppose 4*r = -s + 39, -4*r + 25 + 12 = 3*s. Let i(w) = 4*w**2 + 5*w - 11. Let q be i(3). Suppose -5*n = 5*n - q. What is the remainder when r is divided by n?
2
Let y(z) = 3*z**2 + 14*z + 17. Suppose -2*j = 2*j + 16, 5*r = 3*j - 28. Calculate the remainder when y(r) is divided by (-4)/(6/10 - 1).
7
Let p(d) = 28*d - 164. Let m(z) = 5*z + 8. Let b be m(-7). Let i = -10 - b. What is the remainder when i is divided by p(6)?
1
Suppose 33*x = 53*x - 840. Suppose -6 - 6 = -2*n. Suppose -74 = -n*v + 418. What is the remainder when v is divided by x?
40
Suppose 27*w - 870 - 1425 = 0. Calculate the remainder when 1013 is divided by w.
78
Suppose -2*v - a - 289 = -1130, 4*v - 4*a = 1664. Suppose -4*k - 54 = -w, 0 = -w - 2*k + 19 + 17. Calculate the remainder when v is divided by w.
41
Suppose -38*o = -33*o - 150. Suppose -378 = -2*z - o. What is the remainder when z is divided by 11?
9
Let r(z) = 132*z - 16. Let k be r(-1). Let v = k + 155. Calculate the remainder when 89 is divided by v.
5
Let h = -12 + 44. Let t be (-1)/((-2)/(-12)) - (-181 + -19). Suppose -4*s = -t - 298. Calculate the remainder when s is divided by h.
27
Let a = -214 + 224. Suppose -4*z - 75 = -4*o + 113, 2*z - a = 0. What is the remainder when o is divided by 33*(-3)/(-8 - 1)?
8
Calculate the remainder when (-5)/((-10)/(-894))*(-2 - 33/11) is divided by 49.
30
Let l be (-6)/21 + 1148/(-98). Calculate the remainder when (-3)/(3/(-7))*4 is divided by -1*(l - (2 - 6)).
4
Let u be 0 + (13/2)/((-9)/18). Let f(o) = -o - 5. Let y(i) = -5*i**3 - 2*i - 1. Calculate the remainder when f(u) is divided by y(-1).
2
Let n = 18320 + -18295. Suppose 0 = -4*d - 24 - 4. What is the remainder when (-2)/d - (-1705)/35 is divided by n?
24
Let d be 24*18/3*18/72. Let m be -5*2*(-2)/10. Suppose m*q - 4*q = -3*o - 26, 4*q - d = -2*o. What is the remainder when 27 is divided by q?
7
Let t(c) = c**3 + 9*c**2 + 2*c + 3. Suppose -3*y = -4*m - 86, -y - 2*m - 1938 = -1990. Calculate the remainder when t(-8) is divided by y.
13
Let m(c) = c**3 + 5*c**2 - 94*c - 265. What is the remainder when m(-10) is divided by 87?
1
Let h = -3079 + 3333. Calculate the remainder when h is divided by 79.
17
Suppose 0*x = -x - 2*j + 41, 123 = 3*x + 4*j. Let y = 166 - x. Let f = y - 88. Calculate the remainder when 183 is divided by f.
35
Suppose 3*m + 2*b = 280, 2*m - b - 4*b - 212 = 0. Let r = 68 + m. Calculate the remainder when r is divided by 33.
32
Let o(b) = -7*b**2 - 10 + b**3 + b - 5*b + 6*b. Let u = -41 + 48. What is the remainder whe